{"id":138,"date":"2020-03-12T14:52:32","date_gmt":"2020-03-12T13:52:32","guid":{"rendered":"https:\/\/web176.globalbases.com\/?page_id=138"},"modified":"2021-07-03T11:30:50","modified_gmt":"2021-07-03T09:30:50","slug":"impressum","status":"publish","type":"page","link":"https:\/\/www.isotildam.de\/index.php\/impressum\/","title":{"rendered":"Impressum"},"content":{"rendered":"\n<div class=\"wp-block-image is-style-rounded\"><figure class=\"alignright size-thumbnail\"><img loading=\"lazy\" decoding=\"async\" width=\"150\" height=\"150\" src=\"https:\/\/www.isotildam.de\/wp-content\/uploads\/2020\/06\/IMG_0008-150x150.jpg\" alt=\"\" class=\"wp-image-4071\"\/><\/figure><\/div>\n\n\n\n<p class=\"wp-block-paragraph\"><code>IsoTilDam Schwingungstechnik GmbH<br \/>Inhaber des Unternehmens: Dr. S\u00fcleyman G\u00fcney<br \/>Sipsen\u00e4cker 1<br \/>74417 Gschwend<br \/>Deutschland<br \/>Email: <a href=\"mailto:info@isotildam.com\">info@isotildam.com<\/a><br \/>Telefon: +49 (0) 7972 91 28 930<br \/>Umsatzsteuer-Identifikationsnummer: DE815365791<br \/>Firmenbuch Nr.: Handelsregister Ulm: HRB 738039<br \/>Gerichtsstand: Amtsgericht Ulm<br \/><p>Verantwortlich f\u00fcr den Inhalt: Dr. S\u00fcleyman G\u00fcney<\/p><\/code><\/p>\n","protected":false},"excerpt":{"rendered":"","protected":false},"author":1,"featured_media":0,"parent":0,"menu_order":500,"comment_status":"closed","ping_status":"closed","template":"","meta":{"_crdt_document":"","footnotes":""},"class_list":["post-138","page","type-page","status-publish","hentry"],"_links":{"self":[{"href":"https:\/\/www.isotildam.de\/index.php\/wp-json\/wp\/v2\/pages\/138","targetHints":{"allow":["GET"]}}],"collection":[{"href":"https:\/\/www.isotildam.de\/index.php\/wp-json\/wp\/v2\/pages"}],"about":[{"href":"https:\/\/www.isotildam.de\/index.php\/wp-json\/wp\/v2\/types\/page"}],"author":[{"embeddable":true,"href":"https:\/\/www.isotildam.de\/index.php\/wp-json\/wp\/v2\/users\/1"}],"replies":[{"embeddable":true,"href":"https:\/\/www.isotildam.de\/index.php\/wp-json\/wp\/v2\/comments?post=138"}],"version-history":[{"count":1,"href":"https:\/\/www.isotildam.de\/index.php\/wp-json\/wp\/v2\/pages\/138\/revisions"}],"predecessor-version":[{"id":6387,"href":"https:\/\/www.isotildam.de\/index.php\/wp-json\/wp\/v2\/pages\/138\/revisions\/6387"}],"wp:attachment":[{"href":"https:\/\/www.isotildam.de\/index.php\/wp-json\/wp\/v2\/media?parent=138"}],"curies":[{"name":"wp","href":"https:\/\/api.w.org\/{rel}","templated":true}]}}