{"id":228,"date":"2020-03-20T11:16:40","date_gmt":"2020-03-20T10:16:40","guid":{"rendered":"https:\/\/web176.globalbases.com\/?page_id=228"},"modified":"2020-10-27T14:11:32","modified_gmt":"2020-10-27T13:11:32","slug":"vertrieb","status":"publish","type":"page","link":"https:\/\/www.isotildam.de\/index.php\/ueber-uns\/vertrieb\/","title":{"rendered":"Vertrieb"},"content":{"rendered":"\n<p class=\"wp-block-paragraph\">F\u00fcr Ihre Fragen stehen Ihnen Herr Dr.-Ing. G\u00fcney (Tel. +49 176 26 51 40 03) und Herr J\u00e4ger (Tel. +49 7972 91 28 930) jeder Zeit pers\u00f6nlich &#8211; gerne auch telefonisch &#8211; zur Verf\u00fcgung. Bitte rufen Sie uns an, schicken Sie uns ein Fax oder f\u00fcllen Sie unseren Fragebogen aus. <\/p>\n\n\n\n<p class=\"wp-block-paragraph\">Gerne besuchen wir Sie auch vor Ort, um \u00fcber Aufgabenstellung und m\u00f6gliche L\u00f6sungen der auftretenden Schwingungsprobleme sowie die optimale Aufstellung Ihrer Maschine zu sprechen.<\/p>\n\n\n\n<div class=\"wp-block-blockspare-blockspare-notice-bar aligncenter blockspare-5ccb655d-ec09-4 blockspare-notice-block\"><style>.blockspare-5ccb655d-ec09-4 .blockspare-block-button span{color:#fff;font-weight:normal;border-width:1px}.blockspare-5ccb655d-ec09-4 .blockspare-block-button .blockspare-button{background-color:#3c1a5b}.blockspare-5ccb655d-ec09-4 .blockspare-noticebar-wrapper{background-color:#fff;border-color:#cc0000;text-align:left;padding-top:10px;padding-right:20px;padding-bottom:10px;padding-left:20px;margin-top:30px;margin-bottom:30px}.blockspare-5ccb655d-ec09-4 .blockspare-section-notice-wrap{text-align:left}.blockspare-5ccb655d-ec09-4 .blockspare-notice-content{color:#4c4c4c;font-size:18px!important;font-family:Default;font-weight:}@media screen and (max-width:1025px){.blockspare-5ccb655d-ec09-4 .blockspare-notice-content{font-size:undefinedpx!important}}@media screen and (max-width:768px){.blockspare-5ccb655d-ec09-4 .blockspare-notice-content{font-size:undefinedpx!important}}<\/style><div class=\"blockspare-noticebar-wrapper blockspare-blocks\"><div class=\"blockspare-section-notice-wrap\"><div class=\"blockspare-title-wrap\"><div><div class=\"blockspare-notice-content\"><strong>Wichtiger Hinweis:<\/strong><br>Beim Absenden des Formulares stimmen Sie unseren Datenschutzbestimmungen zu.<\/div><\/div><\/div><\/div><\/div><\/div>\n\n\n<p>[formidable id=2]<\/p>\n","protected":false},"excerpt":{"rendered":"<p>F\u00fcr Ihre Fragen stehen Ihnen Herr Dr.-Ing. G\u00fcney (Tel. +49 176 26 51 40 03) und Herr J\u00e4ger (Tel. +49 7972 91 28 930) jeder Zeit pers\u00f6nlich &#8211; gerne auch telefonisch &#8211; zur Verf\u00fcgung. Bitte rufen Sie uns an, schicken Sie uns ein Fax oder f\u00fcllen Sie unseren Fragebogen aus. Gerne besuchen wir Sie auch [&hellip;]<\/p>\n","protected":false},"author":1,"featured_media":0,"parent":84,"menu_order":0,"comment_status":"closed","ping_status":"closed","template":"","meta":{"_crdt_document":"","footnotes":""},"class_list":["post-228","page","type-page","status-publish","hentry"],"_links":{"self":[{"href":"https:\/\/www.isotildam.de\/index.php\/wp-json\/wp\/v2\/pages\/228","targetHints":{"allow":["GET"]}}],"collection":[{"href":"https:\/\/www.isotildam.de\/index.php\/wp-json\/wp\/v2\/pages"}],"about":[{"href":"https:\/\/www.isotildam.de\/index.php\/wp-json\/wp\/v2\/types\/page"}],"author":[{"embeddable":true,"href":"https:\/\/www.isotildam.de\/index.php\/wp-json\/wp\/v2\/users\/1"}],"replies":[{"embeddable":true,"href":"https:\/\/www.isotildam.de\/index.php\/wp-json\/wp\/v2\/comments?post=228"}],"version-history":[{"count":0,"href":"https:\/\/www.isotildam.de\/index.php\/wp-json\/wp\/v2\/pages\/228\/revisions"}],"up":[{"embeddable":true,"href":"https:\/\/www.isotildam.de\/index.php\/wp-json\/wp\/v2\/pages\/84"}],"wp:attachment":[{"href":"https:\/\/www.isotildam.de\/index.php\/wp-json\/wp\/v2\/media?parent=228"}],"curies":[{"name":"wp","href":"https:\/\/api.w.org\/{rel}","templated":true}]}}