{"id":263,"date":"2020-03-20T13:08:50","date_gmt":"2020-03-20T12:08:50","guid":{"rendered":"https:\/\/web176.globalbases.com\/?page_id=263"},"modified":"2020-11-12T14:51:59","modified_gmt":"2020-11-12T13:51:59","slug":"schwingungsmessung-und-analyse","status":"publish","type":"page","link":"https:\/\/www.isotildam.de\/index.php\/dienstleistungen\/schwingungsmessung-und-analyse\/","title":{"rendered":"Schwingungsmessung und -analyse"},"content":{"rendered":"\n<h2 class=\"wp-block-heading\" id=\"schwingungsmessung-und-analyse-zur-konzeption-von-isotildam-abhilfemassnahmen-bzw-loesungen\">Schwingungsmessung und -analyse zur Konzeption von ISOTILDAM Abhilfema\u00dfnahmen bzw. L\u00f6sungen<\/h2>\n\n\n\n<div class=\"wp-block-image\"><figure class=\"alignright size-full\"><img loading=\"lazy\" decoding=\"async\" width=\"281\" height=\"212\" src=\"https:\/\/www.isotildam.de\/wp-content\/uploads\/2020\/03\/Schwingungsmessung-LOGO-Bildschirm.gif\" alt=\"\" class=\"wp-image-265\"\/><\/figure><\/div>\n\n\n\n<p class=\"wp-block-paragraph\">Wirksame Abhilfema\u00dfnahmen erarbeiten wir vor Ort, um eine garantierte L\u00f6sung zu erreichen. Die Messungen werden sorgf\u00e4ltig durchgef\u00fchrt und ausgewertet. Danach wird ein Messbericht erstellt, in dem die Aufgabenstellung, die Durchf\u00fchrung und die Ergebnisse der Messungen beschrieben, Schlussfolgerungen herausgearbeitet und Abhilfema\u00dfnahmen zur L\u00f6sung des vorliegenden Schwingungsproblems empfohlen werden.<\/p>\n\n\n\n<div class=\"wp-block-image\"><figure class=\"alignright size-large\"><img loading=\"lazy\" decoding=\"async\" width=\"1024\" height=\"660\" src=\"https:\/\/www.isotildam.de\/wp-content\/uploads\/2020\/10\/IMG_0173-1024x660.png\" alt=\"\" class=\"wp-image-5605\" srcset=\"https:\/\/www.isotildam.de\/wp-content\/uploads\/2020\/10\/IMG_0173-1024x660.png 1024w, https:\/\/www.isotildam.de\/wp-content\/uploads\/2020\/10\/IMG_0173-1536x991.png 1536w, https:\/\/www.isotildam.de\/wp-content\/uploads\/2020\/10\/IMG_0173-600x387.png 600w, https:\/\/www.isotildam.de\/wp-content\/uploads\/2020\/10\/IMG_0173-300x194.png 300w, https:\/\/www.isotildam.de\/wp-content\/uploads\/2020\/10\/IMG_0173-768x495.png 768w, https:\/\/www.isotildam.de\/wp-content\/uploads\/2020\/10\/IMG_0173.png 1600w\" sizes=\"auto, (max-width: 1024px) 100vw, 1024px\" \/><\/figure><\/div>\n\n\n\n<p class=\"wp-block-paragraph\">Durch st\u00e4ndig wachsende Anforderungen an Konstruktionen und durch den zunehmenden Einfluss des Leichtbaus insbesondere im Maschinenbau sind schwingungsf\u00e4hige Systeme mit immer einfacheren aber exakteren Modellen zu beschreiben. Schwingungsf\u00e4hige Systeme werden durch Massen, Steifigkeiten und D\u00e4mpfungen beschrieben.<\/p>\n\n\n\n<div class=\"wp-block-image\"><figure class=\"aligncenter size-full\"><img loading=\"lazy\" decoding=\"async\" width=\"950\" height=\"515\" src=\"https:\/\/www.isotildam.de\/wp-content\/uploads\/2020\/10\/ADINA-FFM.png\" alt=\"\" class=\"wp-image-5610\" srcset=\"https:\/\/www.isotildam.de\/wp-content\/uploads\/2020\/10\/ADINA-FFM.png 950w, https:\/\/www.isotildam.de\/wp-content\/uploads\/2020\/10\/ADINA-FFM-600x325.png 600w, https:\/\/www.isotildam.de\/wp-content\/uploads\/2020\/10\/ADINA-FFM-300x163.png 300w, https:\/\/www.isotildam.de\/wp-content\/uploads\/2020\/10\/ADINA-FFM-768x416.png 768w\" sizes=\"auto, (max-width: 950px) 100vw, 950px\" \/><\/figure><\/div>\n\n\n\n<p class=\"wp-block-paragraph\">Durch die steigende Bedeutung der m\u00f6glichst genauen Bestimmung von Parametern dynamischer Systeme spielen Schwingungsmessung und -analyse an diesen Systemen eine sehr wichtige Rolle. Durch solche Messungen und Analyse werden die konstruktiven Schwachpunkte einer Maschine oder eines Bauwerkes exakt bestimmt, so dass optimal wirksame Ma\u00dfnahmen dimensioniert bzw. realisiert werden. Das tats\u00e4chliche dynamische Verhalten eines Systems kann nur mittels messtechnischer Untersuchungen erfasst werden.<\/p>\n\n\n\n<h2 class=\"wp-block-heading\" id=\"ziele-dieser-untersuchungen\">Ziele dieser Untersuchungen <\/h2>\n\n\n\n<ul class=\"wp-block-list\"><li>Ermittlung der Ursachen bzw. der Schwingungserregungen.<\/li><li>Erfassen der Auswirkungen der Schwingungserregungen und St\u00f6rungen.<\/li><li>Messtechnische bzw. rechnerische Bestimmung der dynamischen Eigenschaften(Eigenfrequenzen, Eigenformen, D\u00e4mpfung).<\/li><li>Kl\u00e4rung der M\u00f6glichkeit, die Schwingungserregungen zu reduzieren.<\/li><li>Ermittlung  der Einsatzm\u00f6glichkeiten von Grundprinzipien der&nbsp;Schwingungsreduzierung  (Schwingungsisolation, Schwingungstilgung, Schwingungsd\u00e4mpfung)<\/li><li>Bestimmung der Zielsetzung und Beurteilungsgr\u00f6\u00dfen.<\/li><li>Auswahl  einer Abhilfema\u00dfnahme, Isolation, Tilgung, D\u00e4mpfung durch  ISOTILDAM-Isolierungselemente und D\u00e4mpfungselemente, Maschinenlagerungen  und Pressenlagerungen.<\/li><li>Dimensionierung der gew\u00e4hlten Ma\u00dfnahme.<\/li><li>Realisierung der Ma\u00dfnahme mit ISOTILDAM-Produkten.<\/li><li>Beurteilung der Wirksamkeit der ISOTILDAM-Elemente.<\/li><\/ul>\n","protected":false},"excerpt":{"rendered":"<p>Schwingungsmessung und -analyse zur Konzeption von ISOTILDAM Abhilfema\u00dfnahmen bzw. L\u00f6sungen Wirksame Abhilfema\u00dfnahmen erarbeiten wir vor Ort, um eine garantierte L\u00f6sung zu erreichen. Die Messungen werden sorgf\u00e4ltig durchgef\u00fchrt und ausgewertet. Danach wird ein Messbericht erstellt, in dem die Aufgabenstellung, die Durchf\u00fchrung und die Ergebnisse der Messungen beschrieben, Schlussfolgerungen herausgearbeitet und Abhilfema\u00dfnahmen zur L\u00f6sung des vorliegenden Schwingungsproblems [&hellip;]<\/p>\n","protected":false},"author":1,"featured_media":0,"parent":69,"menu_order":1,"comment_status":"closed","ping_status":"closed","template":"","meta":{"_crdt_document":"","footnotes":""},"class_list":["post-263","page","type-page","status-publish","hentry"],"_links":{"self":[{"href":"https:\/\/www.isotildam.de\/index.php\/wp-json\/wp\/v2\/pages\/263","targetHints":{"allow":["GET"]}}],"collection":[{"href":"https:\/\/www.isotildam.de\/index.php\/wp-json\/wp\/v2\/pages"}],"about":[{"href":"https:\/\/www.isotildam.de\/index.php\/wp-json\/wp\/v2\/types\/page"}],"author":[{"embeddable":true,"href":"https:\/\/www.isotildam.de\/index.php\/wp-json\/wp\/v2\/users\/1"}],"replies":[{"embeddable":true,"href":"https:\/\/www.isotildam.de\/index.php\/wp-json\/wp\/v2\/comments?post=263"}],"version-history":[{"count":0,"href":"https:\/\/www.isotildam.de\/index.php\/wp-json\/wp\/v2\/pages\/263\/revisions"}],"up":[{"embeddable":true,"href":"https:\/\/www.isotildam.de\/index.php\/wp-json\/wp\/v2\/pages\/69"}],"wp:attachment":[{"href":"https:\/\/www.isotildam.de\/index.php\/wp-json\/wp\/v2\/media?parent=263"}],"curies":[{"name":"wp","href":"https:\/\/api.w.org\/{rel}","templated":true}]}}