{"id":302,"date":"2020-03-20T13:56:57","date_gmt":"2020-03-20T12:56:57","guid":{"rendered":"https:\/\/web176.globalbases.com\/?page_id=302"},"modified":"2020-11-12T15:23:16","modified_gmt":"2020-11-12T14:23:16","slug":"auswuchten","status":"publish","type":"page","link":"https:\/\/www.isotildam.de\/index.php\/dienstleistungen\/auswuchten\/","title":{"rendered":"Auswuchten"},"content":{"rendered":"\n<h2 class=\"wp-block-heading\" id=\"wuchten-starrer-rotoren\">Wuchten starrer Rotoren<\/h2>\n\n\n\n<figure class=\"wp-block-gallery alignright columns-1 is-cropped wp-block-gallery-1 is-layout-flex wp-block-gallery-is-layout-flex\"><ul class=\"blocks-gallery-grid\"><li class=\"blocks-gallery-item\"><figure><img loading=\"lazy\" decoding=\"async\" width=\"300\" height=\"226\" src=\"https:\/\/www.isotildam.de\/wp-content\/uploads\/2020\/03\/0d61988e30.gif\" alt=\"\" data-id=\"305\" data-full-url=\"https:\/\/www.isotildam.de\/wp-content\/uploads\/2020\/03\/0d61988e30.gif\" data-link=\"https:\/\/www.isotildam.de\/index.php\/dienstleistungen\/auswuchten\/0d61988e30\/\" class=\"wp-image-305\"\/><figcaption class=\"blocks-gallery-item__caption\">Rotorgeometrie<\/figcaption><\/figure><\/li><li class=\"blocks-gallery-item\"><figure><img loading=\"lazy\" decoding=\"async\" width=\"300\" height=\"226\" src=\"https:\/\/www.isotildam.de\/wp-content\/uploads\/2020\/03\/91839beae9.gif\" alt=\"\" data-id=\"307\" data-full-url=\"https:\/\/www.isotildam.de\/wp-content\/uploads\/2020\/03\/91839beae9.gif\" data-link=\"https:\/\/www.isotildam.de\/index.php\/dienstleistungen\/auswuchten\/91839beae9\/\" class=\"wp-image-307\"\/><figcaption class=\"blocks-gallery-item__caption\">Unwuchtdiagramm und Tabellen<\/figcaption><\/figure><\/li><\/ul><\/figure>\n\n\n\n<p class=\"wp-block-paragraph\">Ein Rotor kann als ein starrer Rotor betrachtet werden, wenn seine Betriebsdrehzahl kleiner als die H\u00e4lfte der ersten biegekritischen Drehzahl ist. Beim Drehen eines nicht ausgewuchteten Rotors treten Fliehkr\u00e4fte auf, die auf die Lager \u00fcbertragen werden. Sie machen sich als pulsierende Kr\u00e4fte im Takt der Drehzahl bemerkbar. Da die Fliehkr\u00e4fte proportional mit dem Quadrat der gr\u00f6\u00dfer werdenden Drehzahl zunehmen, muss ein Rotor umso genauer ausgewuchtet werden, je schneller eine Maschine mit diesem Rotor betrieben wird. Ist ein Rotor vollkommen ausgewuchtet, \u00fcbertr\u00e4gt er keine Fliehkr\u00e4fte auf seine Lager. Ein starrer Rotor ist ausgewuchtet, wenn die Drehachse mit einer seiner zentralen Haupttr\u00e4gheitsachsen zusammenf\u00e4llt. Mit unserem System \u00b5-Remus k\u00f6nnen wir Ihre Rotoren vollkommen auswuchten.<\/p>\n\n\n\n<figure class=\"wp-block-gallery aligncenter columns-2 is-cropped wp-block-gallery-2 is-layout-flex wp-block-gallery-is-layout-flex\"><ul class=\"blocks-gallery-grid\"><li class=\"blocks-gallery-item\"><figure><img loading=\"lazy\" decoding=\"async\" width=\"300\" height=\"226\" src=\"https:\/\/www.isotildam.de\/wp-content\/uploads\/2020\/03\/0e0d5da915.gif\" alt=\"\" data-id=\"306\" data-full-url=\"https:\/\/www.isotildam.de\/wp-content\/uploads\/2020\/03\/0e0d5da915.gif\" data-link=\"https:\/\/www.isotildam.de\/index.php\/dienstleistungen\/auswuchten\/0e0d5da915\/\" class=\"wp-image-306\"\/><figcaption class=\"blocks-gallery-item__caption\">Umlauf<\/figcaption><\/figure><\/li><li class=\"blocks-gallery-item\"><figure><img loading=\"lazy\" decoding=\"async\" width=\"300\" height=\"226\" src=\"https:\/\/www.isotildam.de\/wp-content\/uploads\/2020\/03\/9855468c5a.gif\" alt=\"\" data-id=\"308\" data-full-url=\"https:\/\/www.isotildam.de\/wp-content\/uploads\/2020\/03\/9855468c5a.gif\" data-link=\"https:\/\/www.isotildam.de\/index.php\/dienstleistungen\/auswuchten\/9855468c5a\/\" class=\"wp-image-308\"\/><figcaption class=\"blocks-gallery-item__caption\">Wuchtlauf<\/figcaption><\/figure><\/li><\/ul><\/figure>\n","protected":false},"excerpt":{"rendered":"<p>Wuchten starrer Rotoren Ein Rotor kann als ein starrer Rotor betrachtet werden, wenn seine Betriebsdrehzahl kleiner als die H\u00e4lfte der ersten biegekritischen Drehzahl ist. Beim Drehen eines nicht ausgewuchteten Rotors treten Fliehkr\u00e4fte auf, die auf die Lager \u00fcbertragen werden. Sie machen sich als pulsierende Kr\u00e4fte im Takt der Drehzahl bemerkbar. Da die Fliehkr\u00e4fte proportional mit [&hellip;]<\/p>\n","protected":false},"author":1,"featured_media":0,"parent":69,"menu_order":5,"comment_status":"closed","ping_status":"closed","template":"","meta":{"_crdt_document":"","footnotes":""},"class_list":["post-302","page","type-page","status-publish","hentry"],"_links":{"self":[{"href":"https:\/\/www.isotildam.de\/index.php\/wp-json\/wp\/v2\/pages\/302","targetHints":{"allow":["GET"]}}],"collection":[{"href":"https:\/\/www.isotildam.de\/index.php\/wp-json\/wp\/v2\/pages"}],"about":[{"href":"https:\/\/www.isotildam.de\/index.php\/wp-json\/wp\/v2\/types\/page"}],"author":[{"embeddable":true,"href":"https:\/\/www.isotildam.de\/index.php\/wp-json\/wp\/v2\/users\/1"}],"replies":[{"embeddable":true,"href":"https:\/\/www.isotildam.de\/index.php\/wp-json\/wp\/v2\/comments?post=302"}],"version-history":[{"count":0,"href":"https:\/\/www.isotildam.de\/index.php\/wp-json\/wp\/v2\/pages\/302\/revisions"}],"up":[{"embeddable":true,"href":"https:\/\/www.isotildam.de\/index.php\/wp-json\/wp\/v2\/pages\/69"}],"wp:attachment":[{"href":"https:\/\/www.isotildam.de\/index.php\/wp-json\/wp\/v2\/media?parent=302"}],"curies":[{"name":"wp","href":"https:\/\/api.w.org\/{rel}","templated":true}]}}