{"id":499,"date":"2020-03-23T10:09:18","date_gmt":"2020-03-23T09:09:18","guid":{"rendered":"https:\/\/web176.globalbases.com\/?page_id=499"},"modified":"2021-07-03T11:47:38","modified_gmt":"2021-07-03T09:47:38","slug":"horizontale-abstuetzungen","status":"publish","type":"page","link":"https:\/\/www.isotildam.de\/index.php\/produkte\/horizontale-abstuetzungen\/","title":{"rendered":"Horizontale Abst\u00fctzungen"},"content":{"rendered":"\n<figure class=\"wp-block-gallery alignright columns-1 is-cropped wp-block-gallery-1 is-layout-flex wp-block-gallery-is-layout-flex\"><ul class=\"blocks-gallery-grid\"><li class=\"blocks-gallery-item\"><figure><img loading=\"lazy\" decoding=\"async\" width=\"1024\" height=\"567\" src=\"https:\/\/www.isotildam.de\/wp-content\/uploads\/2020\/11\/Bild4-1024x567.png\" alt=\"\" data-id=\"6146\" data-full-url=\"https:\/\/web176.globalbases.com\/wp-content\/uploads\/2020\/11\/Bild4.png\" data-link=\"https:\/\/web176.globalbases.com\/bild4-2\/\" class=\"wp-image-6146\" srcset=\"https:\/\/www.isotildam.de\/wp-content\/uploads\/2020\/11\/Bild4-1024x567.png 1024w, https:\/\/www.isotildam.de\/wp-content\/uploads\/2020\/11\/Bild4-600x332.png 600w, https:\/\/www.isotildam.de\/wp-content\/uploads\/2020\/11\/Bild4-300x166.png 300w, https:\/\/www.isotildam.de\/wp-content\/uploads\/2020\/11\/Bild4-768x426.png 768w, https:\/\/www.isotildam.de\/wp-content\/uploads\/2020\/11\/Bild4.png 1119w\" sizes=\"auto, (max-width: 1024px) 100vw, 1024px\" \/><\/figure><\/li><li class=\"blocks-gallery-item\"><figure><img loading=\"lazy\" decoding=\"async\" width=\"615\" height=\"528\" src=\"https:\/\/www.isotildam.de\/wp-content\/uploads\/2020\/11\/Bild5.png\" alt=\"\" data-id=\"6147\" data-full-url=\"https:\/\/web176.globalbases.com\/wp-content\/uploads\/2020\/11\/Bild5.png\" data-link=\"https:\/\/web176.globalbases.com\/bild5-2\/\" class=\"wp-image-6147\" srcset=\"https:\/\/www.isotildam.de\/wp-content\/uploads\/2020\/11\/Bild5.png 615w, https:\/\/www.isotildam.de\/wp-content\/uploads\/2020\/11\/Bild5-600x515.png 600w, https:\/\/www.isotildam.de\/wp-content\/uploads\/2020\/11\/Bild5-300x258.png 300w\" sizes=\"auto, (max-width: 615px) 100vw, 615px\" \/><\/figure><\/li><\/ul><\/figure>\n\n\n\n<p class=\"wp-block-paragraph\">Bei einer Schwingungsisolation gibt es zwei \nBereiche, n\u00e4mlich einen Isolations- und einen Verst\u00e4rkungsbereich. Die \nvon einer Maschine auf den Untergrund \u00fcbertragenen Schwingungen werden \nin der Umgebung der Lagerungseigenfrequenz f<sub>0<\/sub> in Abh\u00e4ngigkeit von der D\u00e4mpfung verst\u00e4rkt. Ab einer Frequenz f=1,42xf<sub>0<\/sub>\n werden die von der Maschine auf den Untergrund \u00fcbertragenen \nSchwingungen isoliert (gleiches gilt auch f\u00fcr die vom Untergrund \nausgehenden Schwingungen auf die Maschine).\n<\/p>\n\n\n\n<p class=\"wp-block-paragraph\">Mit tiefer werdender Lagerungseigenfrequenz wird die  Schwingungsisolation besser. Jedoch werden die Amplituden der  Starrk\u00f6rperbewegungen der elastisch gelagerten Maschine gr\u00f6\u00dfer. Sie  k\u00f6nnen nur mit relativ gro\u00dfer D\u00e4mpfung begrenzt werden. Jedoch kann die  D\u00e4mpfung nicht beliebig erh\u00f6ht werden, da einerseits die Erh\u00f6hung der  D\u00e4mpfung mit einem \u00a0gro\u00dfen technischen und wirtschaftlichen Aufwand verbunden ist, und es technisch eine obere Grenze gibt &#8211; z. B. bei Elastomeren max.  30%- und andererseits der so genannte Isolationsgrad mit zunehmender  D\u00e4mpfung kleiner (schlechter) wird. <strong>Um diese Stark\u00f6rperbewegungen  einer elastisch gelagerten Maschine begrenzen zu k\u00f6nnen, werden  zus\u00e4tzliche horizontale Abst\u00fctzungen verwendet. <\/strong> <\/p>\n","protected":false},"excerpt":{"rendered":"<p>Bei einer Schwingungsisolation gibt es zwei Bereiche, n\u00e4mlich einen Isolations- und einen Verst\u00e4rkungsbereich. Die von einer Maschine auf den Untergrund \u00fcbertragenen Schwingungen werden in der Umgebung der Lagerungseigenfrequenz f0 in Abh\u00e4ngigkeit von der D\u00e4mpfung verst\u00e4rkt. Ab einer Frequenz f=1,42xf0 werden die von der Maschine auf den Untergrund \u00fcbertragenen Schwingungen isoliert (gleiches gilt auch f\u00fcr die [&hellip;]<\/p>\n","protected":false},"author":1,"featured_media":0,"parent":20,"menu_order":13,"comment_status":"closed","ping_status":"closed","template":"","meta":{"_crdt_document":"","footnotes":""},"class_list":["post-499","page","type-page","status-publish","hentry"],"_links":{"self":[{"href":"https:\/\/www.isotildam.de\/index.php\/wp-json\/wp\/v2\/pages\/499","targetHints":{"allow":["GET"]}}],"collection":[{"href":"https:\/\/www.isotildam.de\/index.php\/wp-json\/wp\/v2\/pages"}],"about":[{"href":"https:\/\/www.isotildam.de\/index.php\/wp-json\/wp\/v2\/types\/page"}],"author":[{"embeddable":true,"href":"https:\/\/www.isotildam.de\/index.php\/wp-json\/wp\/v2\/users\/1"}],"replies":[{"embeddable":true,"href":"https:\/\/www.isotildam.de\/index.php\/wp-json\/wp\/v2\/comments?post=499"}],"version-history":[{"count":2,"href":"https:\/\/www.isotildam.de\/index.php\/wp-json\/wp\/v2\/pages\/499\/revisions"}],"predecessor-version":[{"id":6414,"href":"https:\/\/www.isotildam.de\/index.php\/wp-json\/wp\/v2\/pages\/499\/revisions\/6414"}],"up":[{"embeddable":true,"href":"https:\/\/www.isotildam.de\/index.php\/wp-json\/wp\/v2\/pages\/20"}],"wp:attachment":[{"href":"https:\/\/www.isotildam.de\/index.php\/wp-json\/wp\/v2\/media?parent=499"}],"curies":[{"name":"wp","href":"https:\/\/api.w.org\/{rel}","templated":true}]}}