{"id":550,"date":"2020-03-23T10:46:01","date_gmt":"2020-03-23T09:46:01","guid":{"rendered":"https:\/\/web176.globalbases.com\/?page_id=550"},"modified":"2020-11-12T17:28:02","modified_gmt":"2020-11-12T16:28:02","slug":"arburg-walther-towal","status":"publish","type":"page","link":"https:\/\/www.isotildam.de\/index.php\/referenzen\/arburg-walther-towal\/","title":{"rendered":"Arburg Walther Towal"},"content":{"rendered":"\n<h2 class=\"wp-block-heading\" id=\"schwingungsisolierte-aufstellung-zweier-walthertrowal-entgratmaschinen-type-mv-21-jeweils-mit-einem-gewicht-von-65-kn-auf-einem-stockwerk-bei-fa-arburg-in-lossburg\">Schwingungsisolierte Aufstellung zweier  Walther-Trowal Entgratmaschinen, Type MV 21 jeweils mit einem Gewicht  von 6,5 kN auf einem Stockwerk bei Fa. ARBURG in Lo\u00dfburg<\/h2>\n\n\n\n<figure class=\"wp-block-gallery alignright columns-1 wp-block-gallery-1 is-layout-flex wp-block-gallery-is-layout-flex\"><ul class=\"blocks-gallery-grid\"><li class=\"blocks-gallery-item\"><figure><img loading=\"lazy\" decoding=\"async\" width=\"290\" height=\"89\" src=\"https:\/\/www.isotildam.de\/wp-content\/uploads\/2020\/03\/Bild-1_02.gif\" alt=\"\" data-id=\"552\" data-full-url=\"https:\/\/www.isotildam.de\/wp-content\/uploads\/2020\/03\/Bild-1_02.gif\" data-link=\"https:\/\/www.isotildam.de\/index.php\/referenzen\/arburg-walther-towal\/bild-1_02\/\" class=\"wp-image-552\"\/><\/figure><\/li><li class=\"blocks-gallery-item\"><figure><img loading=\"lazy\" decoding=\"async\" width=\"300\" height=\"148\" src=\"https:\/\/www.isotildam.de\/wp-content\/uploads\/2020\/03\/741c20aa30.gif\" alt=\"\" data-id=\"554\" data-full-url=\"https:\/\/www.isotildam.de\/wp-content\/uploads\/2020\/03\/741c20aa30.gif\" data-link=\"https:\/\/www.isotildam.de\/index.php\/referenzen\/arburg-walther-towal\/741c20aa30\/\" class=\"wp-image-554\"\/><\/figure><\/li><li class=\"blocks-gallery-item\"><figure><img loading=\"lazy\" decoding=\"async\" width=\"300\" height=\"450\" src=\"https:\/\/www.isotildam.de\/wp-content\/uploads\/2020\/03\/1c81e49f35.gif\" alt=\"\" data-id=\"555\" data-full-url=\"https:\/\/www.isotildam.de\/wp-content\/uploads\/2020\/03\/1c81e49f35.gif\" data-link=\"https:\/\/www.isotildam.de\/index.php\/referenzen\/arburg-walther-towal\/1c81e49f35\/\" class=\"wp-image-555\" srcset=\"https:\/\/www.isotildam.de\/wp-content\/uploads\/2020\/03\/1c81e49f35.gif 300w, https:\/\/www.isotildam.de\/wp-content\/uploads\/2020\/03\/1c81e49f35-200x300.gif 200w\" sizes=\"auto, (max-width: 300px) 100vw, 300px\" \/><\/figure><\/li><li class=\"blocks-gallery-item\"><figure><img loading=\"lazy\" decoding=\"async\" width=\"300\" height=\"198\" src=\"https:\/\/www.isotildam.de\/wp-content\/uploads\/2020\/03\/2b2243a56d.gif\" alt=\"\" data-id=\"556\" data-full-url=\"https:\/\/www.isotildam.de\/wp-content\/uploads\/2020\/03\/2b2243a56d.gif\" data-link=\"https:\/\/www.isotildam.de\/index.php\/referenzen\/arburg-walther-towal\/2b2243a56d\/\" class=\"wp-image-556\"\/><\/figure><\/li><li class=\"blocks-gallery-item\"><figure><img loading=\"lazy\" decoding=\"async\" width=\"300\" height=\"451\" src=\"https:\/\/www.isotildam.de\/wp-content\/uploads\/2020\/03\/473c322de2.gif\" alt=\"\" data-id=\"557\" data-full-url=\"https:\/\/www.isotildam.de\/wp-content\/uploads\/2020\/03\/473c322de2.gif\" data-link=\"https:\/\/www.isotildam.de\/index.php\/referenzen\/arburg-walther-towal\/473c322de2\/\" class=\"wp-image-557\" srcset=\"https:\/\/www.isotildam.de\/wp-content\/uploads\/2020\/03\/473c322de2.gif 300w, https:\/\/www.isotildam.de\/wp-content\/uploads\/2020\/03\/473c322de2-200x300.gif 200w\" sizes=\"auto, (max-width: 300px) 100vw, 300px\" \/><\/figure><\/li><li class=\"blocks-gallery-item\"><figure><img loading=\"lazy\" decoding=\"async\" width=\"300\" height=\"226\" src=\"https:\/\/www.isotildam.de\/wp-content\/uploads\/2020\/03\/7a582f22ca.gif\" alt=\"\" data-id=\"558\" data-full-url=\"https:\/\/www.isotildam.de\/wp-content\/uploads\/2020\/03\/7a582f22ca.gif\" data-link=\"https:\/\/www.isotildam.de\/index.php\/referenzen\/arburg-walther-towal\/7a582f22ca\/\" class=\"wp-image-558\"\/><\/figure><\/li><\/ul><\/figure>\n\n\n\n<h3 class=\"wp-block-heading\" id=\"problem\">Problem<\/h3>\n\n\n\n<p class=\"wp-block-paragraph\">Sp\u00fcrbare Schwingungen auf der Decke, auf der die Walther-Trowal Entgratmaschinen Type MV 21 aufgestellt wurden.<\/p>\n\n\n\n<h3 class=\"wp-block-heading\" id=\"aufgabenstellung\">Aufgabenstellung<\/h3>\n\n\n\n<p class=\"wp-block-paragraph\">Kl\u00e4rung der Ursachen der o. e. Schwingungen, Ph\u00e4nomene und Zusammenh\u00e4nge verstehen, Rechnerische Bestimmung der Deckeneigenfrequenz, Ausarbeitung einer wirksamen L\u00f6sung.<\/p>\n\n\n\n<h3 class=\"wp-block-heading\" id=\"zielsetzungen\">Zielsetzungen<\/h3>\n\n\n\n<p class=\"wp-block-paragraph\">Reduzierung der Schwingungen der Maschine und insbesondere in der Umgebung.<\/p>\n\n\n\n<h3 class=\"wp-block-heading\" id=\"loesungsweg\">L\u00f6sungsweg<\/h3>\n\n\n\n<ul class=\"wp-block-list\"><li>FE &#8211; und MKS Berechnungen.<\/li><li>Auslegung der  D\u00e4mpfungselemente bzw. Isolierungselemente unter Ber\u00fccksichtigung der  rechnerischen Ergebnisse und der Zielsetzungen. <\/li><li>Realisierung dieser Ma\u00dfnahme.<\/li><\/ul>\n\n\n\n<h3 class=\"wp-block-heading\" id=\"ergebnis\">Ergebnis<\/h3>\n\n\n\n<p class=\"wp-block-paragraph\">Reduzierung der Schwingungen von Maschinen und in der Umgebung.<\/p>\n","protected":false},"excerpt":{"rendered":"<p>Schwingungsisolierte Aufstellung zweier Walther-Trowal Entgratmaschinen, Type MV 21 jeweils mit einem Gewicht von 6,5 kN auf einem Stockwerk bei Fa. ARBURG in Lo\u00dfburg Problem Sp\u00fcrbare Schwingungen auf der Decke, auf der die Walther-Trowal Entgratmaschinen Type MV 21 aufgestellt wurden. Aufgabenstellung Kl\u00e4rung der Ursachen der o. e. Schwingungen, Ph\u00e4nomene und Zusammenh\u00e4nge verstehen, Rechnerische Bestimmung der Deckeneigenfrequenz, [&hellip;]<\/p>\n","protected":false},"author":1,"featured_media":0,"parent":523,"menu_order":0,"comment_status":"closed","ping_status":"closed","template":"","meta":{"_crdt_document":"","footnotes":""},"class_list":["post-550","page","type-page","status-publish","hentry"],"_links":{"self":[{"href":"https:\/\/www.isotildam.de\/index.php\/wp-json\/wp\/v2\/pages\/550","targetHints":{"allow":["GET"]}}],"collection":[{"href":"https:\/\/www.isotildam.de\/index.php\/wp-json\/wp\/v2\/pages"}],"about":[{"href":"https:\/\/www.isotildam.de\/index.php\/wp-json\/wp\/v2\/types\/page"}],"author":[{"embeddable":true,"href":"https:\/\/www.isotildam.de\/index.php\/wp-json\/wp\/v2\/users\/1"}],"replies":[{"embeddable":true,"href":"https:\/\/www.isotildam.de\/index.php\/wp-json\/wp\/v2\/comments?post=550"}],"version-history":[{"count":1,"href":"https:\/\/www.isotildam.de\/index.php\/wp-json\/wp\/v2\/pages\/550\/revisions"}],"predecessor-version":[{"id":6358,"href":"https:\/\/www.isotildam.de\/index.php\/wp-json\/wp\/v2\/pages\/550\/revisions\/6358"}],"up":[{"embeddable":true,"href":"https:\/\/www.isotildam.de\/index.php\/wp-json\/wp\/v2\/pages\/523"}],"wp:attachment":[{"href":"https:\/\/www.isotildam.de\/index.php\/wp-json\/wp\/v2\/media?parent=550"}],"curies":[{"name":"wp","href":"https:\/\/api.w.org\/{rel}","templated":true}]}}