{"id":69,"date":"2020-03-10T14:43:13","date_gmt":"2020-03-10T13:43:13","guid":{"rendered":"https:\/\/web176.globalbases.com\/?page_id=69"},"modified":"2020-10-30T13:12:10","modified_gmt":"2020-10-30T12:12:10","slug":"dienstleistungen","status":"publish","type":"page","link":"https:\/\/www.isotildam.de\/index.php\/dienstleistungen\/","title":{"rendered":"Dienstleistungen"},"content":{"rendered":"\n<h2 class=\"wp-block-heading\" id=\"exzellenter-service\"><strong>Exzellenter Service<\/strong><\/h2>\n\n\n\n<p class=\"wp-block-paragraph\">Ist f\u00fcr uns eine Selbstverst\u00e4ndlichkeit: von der Planung und Projektierung bis hin zur Erfassung der Restschwingungen und deren Beurteilung realisieren wir umfangreiche und individuelle Anwendungsl\u00f6sungen. Vor Ort erfassen wir die Schwingungen des betroffenen Geb\u00e4udes oder der betroffenen Maschinen, um eine nachhaltige und wirksame L\u00f6sung auszulegen. Danach realisieren wir die ausgelegte L\u00f6sung mit unseren Isolierungs-, D\u00e4mpfungs- und Aufstellelementen. Bei der Installation der Elemente stellen wir Ihnen die ausf\u00fchrlichen Montageanleitungen. Ferner begleiten wir die Montage vor Ort. Ggf. montieren wir die bestellten Elemente selber vor Ort. F\u00fcr Ihre technischen und kaufm\u00e4nnischen Fragen steht eine Service-Hotline zur Verf\u00fcgung. Unsere Berater kommen gerne bei Ihnen vorbei, um Sie vor Ort beraten zu k\u00f6nnen.<\/p>\n\n\n\n<h2 class=\"wp-block-heading\" id=\"allgemeine-ingenieurdienstleistung\"><strong>Allgemeine Ingenieur-Dienstleistung<\/strong><\/h2>\n\n\n\n<p class=\"wp-block-paragraph\">Durch unsere langj\u00e4hrige Erfahrung im Bereich der Schwingungstechnik und der Aufstelltechnik k\u00f6nnen wir unseren Kunden neben unseren Messsystemen auch unseren Sachverstand in Form von Dienstleistungen zur Verf\u00fcgung stellen. Dieser wurde in vielen Jahren im Bereich der Schwingungsmessung, Analyse und Ursachenfindung sowie Planung und Umsetzung von Abhilfema\u00dfnahmen erfolgreich erarbeitet. <\/p>\n","protected":false},"excerpt":{"rendered":"<p>Exzellenter Service Ist f\u00fcr uns eine Selbstverst\u00e4ndlichkeit: von der Planung und Projektierung bis hin zur Erfassung der Restschwingungen und deren Beurteilung realisieren wir umfangreiche und individuelle Anwendungsl\u00f6sungen. Vor Ort erfassen wir die Schwingungen des betroffenen Geb\u00e4udes oder der betroffenen Maschinen, um eine nachhaltige und wirksame L\u00f6sung auszulegen. Danach realisieren wir die ausgelegte L\u00f6sung mit unseren [&hellip;]<\/p>\n","protected":false},"author":1,"featured_media":0,"parent":0,"menu_order":20,"comment_status":"closed","ping_status":"closed","template":"","meta":{"_crdt_document":"","footnotes":""},"class_list":["post-69","page","type-page","status-publish","hentry"],"_links":{"self":[{"href":"https:\/\/www.isotildam.de\/index.php\/wp-json\/wp\/v2\/pages\/69","targetHints":{"allow":["GET"]}}],"collection":[{"href":"https:\/\/www.isotildam.de\/index.php\/wp-json\/wp\/v2\/pages"}],"about":[{"href":"https:\/\/www.isotildam.de\/index.php\/wp-json\/wp\/v2\/types\/page"}],"author":[{"embeddable":true,"href":"https:\/\/www.isotildam.de\/index.php\/wp-json\/wp\/v2\/users\/1"}],"replies":[{"embeddable":true,"href":"https:\/\/www.isotildam.de\/index.php\/wp-json\/wp\/v2\/comments?post=69"}],"version-history":[{"count":0,"href":"https:\/\/www.isotildam.de\/index.php\/wp-json\/wp\/v2\/pages\/69\/revisions"}],"wp:attachment":[{"href":"https:\/\/www.isotildam.de\/index.php\/wp-json\/wp\/v2\/media?parent=69"}],"curies":[{"name":"wp","href":"https:\/\/api.w.org\/{rel}","templated":true}]}}